{"id":1212,"date":"2009-05-05T12:10:11","date_gmt":"2009-05-05T10:10:11","guid":{"rendered":"http:\/\/frenchspin.com\/afr\/?page_id=1212"},"modified":"2010-01-21T18:46:32","modified_gmt":"2010-01-21T17:46:32","slug":"infos-sms","status":"publish","type":"page","link":"http:\/\/frenchspin.com\/afr\/laisser-un-pourboire\/infos-sms\/","title":{"rendered":"Infos SMS"},"content":{"rendered":"<p style=\"text-align: left;\"><span style=\"color: #00ccff;\">Comme vous le savez, il est d\u00e9sormais possible de nous envoyer des sous par SMS gr\u00e2ce au service \u00ab\u00a0PayMo\u00a0\u00bb. Voici le mode d&#8217;emploi, et trois \u00e9tapes simplissimes :<\/span><\/p>\n<ol>\n<li>Cliquez sur le bouton \u00ab\u00a0PayMo\u00a0\u00bb, et s\u00e9lectionnez votre pays dans la fen\u00eatre qui apparait en pop-up. La somme qui vous sera d\u00e9bit\u00e9e \u00e0 la fin de la transaction apparait dans la partie de gauche (non modifiable).<\/li>\n<li>Entre votre num\u00e9ro dans t\u00e9l\u00e9phone portable et confirmez en cliquant sur le bouton de droite. Quelques instants plus tard, vous recevrez un SMS venant du service PayMo.<\/li>\n<li>Lisez bien les instructions contenues dans le SMS et repondez-y comme indiqu\u00e9. La confirmation apparait dans la fen\u00eatre Paymo au bout de quelques instants, ce qui confirme la fin de la transaction.<\/li>\n<\/ol>\n<p>Voila, c&rsquo;est tout. Merci de votre g\u00e9n\u00e9rosit\u00e9 ! \ud83d\ude42<\/p>\n<p style=\"text-align: left;\"><span style=\"color: #00ccff;\">Quelques remarques :<\/span><br \/>\n&#8211; Si votre pays n&rsquo;est pas dans la liste, c&rsquo;est que le service n&rsquo;y est malheureusement pas disponible pour le moment, d\u00e9sol\u00e9 !<br \/>\n&#8211; La somme change en fonction de la devise et de la nature du service dans le pays o\u00f9 vous vous trouvez. Par exemple, vous payez un euro depuis la France et deux dollars au Canada.<br \/>\n&#8211; Pour la Belgique, la seule option de payement propos\u00e9e par PayMo est de quatre euros. Cette somme nous paraissant trop \u00e9lev\u00e9e, nous avons d\u00e9cid\u00e9 de ne pas l&rsquo;impl\u00e9menter pour le moment.<br \/>\n&#8211; Si vous ne recevez pas le SMS en raison d&rsquo;un retard r\u00e9seau ou d&rsquo;un autre soucis, pas d&rsquo;inqui\u00e9tude, la transaction ne sera pas prise en compte. Fermez le pop-up et r\u00e9essayez le lendemain par exemple.<br \/>\n&#8211; Pour plus d&rsquo;informations sur le service, merci de consulter <a href=\"http:\/\/paymo.com\/\">le site de PayMo<\/a>.<br \/>\n&#8211; Vous l&rsquo;aurez compris, ce service ne sert qu&rsquo;aux micro-payements ; si vous souhaitez nous laissez des pourboires plus cons\u00e9quents, <a href=\"http:\/\/frenchspin.com\/afr\/laisser-un-pourboire\/\">l&rsquo;envoi par paypal<\/a> est toujours disponible.<\/p>\n","protected":false},"excerpt":{"rendered":"<p>Comme vous le savez, il est d\u00e9sormais possible de nous envoyer des sous par SMS gr\u00e2ce au service \u00ab\u00a0PayMo\u00a0\u00bb. Voici le mode d&#8217;emploi, et trois \u00e9tapes simplissimes : Cliquez sur le bouton \u00ab\u00a0PayMo\u00a0\u00bb, et s\u00e9lectionnez votre pays dans la fen\u00eatre qui apparait en pop-up. La somme qui vous sera d\u00e9bit\u00e9e \u00e0 la fin de la [&hellip;]<\/p>\n","protected":false},"author":1,"featured_media":0,"parent":167,"menu_order":0,"comment_status":"open","ping_status":"open","template":"","meta":{"footnotes":""},"aioseo_notices":[],"_links":{"self":[{"href":"http:\/\/frenchspin.com\/afr\/wp-json\/wp\/v2\/pages\/1212"}],"collection":[{"href":"http:\/\/frenchspin.com\/afr\/wp-json\/wp\/v2\/pages"}],"about":[{"href":"http:\/\/frenchspin.com\/afr\/wp-json\/wp\/v2\/types\/page"}],"author":[{"embeddable":true,"href":"http:\/\/frenchspin.com\/afr\/wp-json\/wp\/v2\/users\/1"}],"replies":[{"embeddable":true,"href":"http:\/\/frenchspin.com\/afr\/wp-json\/wp\/v2\/comments?post=1212"}],"version-history":[{"count":0,"href":"http:\/\/frenchspin.com\/afr\/wp-json\/wp\/v2\/pages\/1212\/revisions"}],"up":[{"embeddable":true,"href":"http:\/\/frenchspin.com\/afr\/wp-json\/wp\/v2\/pages\/167"}],"wp:attachment":[{"href":"http:\/\/frenchspin.com\/afr\/wp-json\/wp\/v2\/media?parent=1212"}],"curies":[{"name":"wp","href":"https:\/\/api.w.org\/{rel}","templated":true}]}}