{"id":1705,"date":"2010-01-08T20:01:15","date_gmt":"2010-01-08T19:01:15","guid":{"rendered":"http:\/\/frenchspin.com\/afr\/?page_id=1705"},"modified":"2010-01-31T20:46:52","modified_gmt":"2010-01-31T19:46:52","slug":"la-chambre-de-marcel","status":"publish","type":"page","link":"http:\/\/frenchspin.com\/afr\/la-chambre-de-marcel\/","title":{"rendered":"La Chambre de Marcel"},"content":{"rendered":"<h3><strong><span style=\"color: #ff9900;\">Rawblgurblwurbrlg !<\/span><\/strong><\/h3>\n<h4 style=\"text-align: left;\"><span style=\"color: #ffcc99;\">Bienvenue dans la mauvaise Chambre (pas secr\u00e8te) de Marcel le murloc francophone ! Si vous avez trouv\u00e9 cette page, c&rsquo;est que vous avez trich\u00e9 pour y acc\u00e9der ! Que ce soit par Google ou par une tentative maladroite via la barre d&rsquo;adresse, vous n&rsquo;avez pas pens\u00e9 assez fort au Code Konami&#8230;honte \u00e0 vous ! Vous avez quand m\u00eame le droit \u00e0 un coup critique de Marcel ; et paf !<\/span><\/h4>\n<p><span style=\"color: #ffcc99;\"><strong>Allez, OUSTE !<\/strong><\/span><\/p>\n<p><span style=\"color: #ffcc99;\"><strong><img loading=\"lazy\" decoding=\"async\" class=\"aligncenter size-medium wp-image-1801\" title=\"Marcel_attack\" src=\"http:\/\/frenchspin.com\/afr\/blog\/wp-content\/uploads\/2010\/01\/Murloc_attack-300x240.jpg\" alt=\"Marcel_attack\" width=\"300\" height=\"240\" srcset=\"http:\/\/frenchspin.com\/afr\/blog\/wp-content\/uploads\/2010\/01\/Murloc_attack-300x240.jpg 300w, http:\/\/frenchspin.com\/afr\/blog\/wp-content\/uploads\/2010\/01\/Murloc_attack.jpg 700w\" sizes=\"(max-width: 300px) 100vw, 300px\" \/> <\/strong><\/span><\/p>\n<p><span style=\"color: #ffcc99;\"><strong> <\/strong><\/span><\/p>\n","protected":false},"excerpt":{"rendered":"<p>Rawblgurblwurbrlg ! Bienvenue dans la mauvaise Chambre (pas secr\u00e8te) de Marcel le murloc francophone ! Si vous avez trouv\u00e9 cette page, c&rsquo;est que vous avez trich\u00e9 pour y acc\u00e9der ! Que ce soit par Google ou par une tentative maladroite via la barre d&rsquo;adresse, vous n&rsquo;avez pas pens\u00e9 assez fort au Code Konami&#8230;honte \u00e0 vous [&hellip;]<\/p>\n","protected":false},"author":5,"featured_media":0,"parent":0,"menu_order":0,"comment_status":"open","ping_status":"open","template":"","meta":{"footnotes":""},"aioseo_notices":[],"_links":{"self":[{"href":"http:\/\/frenchspin.com\/afr\/wp-json\/wp\/v2\/pages\/1705"}],"collection":[{"href":"http:\/\/frenchspin.com\/afr\/wp-json\/wp\/v2\/pages"}],"about":[{"href":"http:\/\/frenchspin.com\/afr\/wp-json\/wp\/v2\/types\/page"}],"author":[{"embeddable":true,"href":"http:\/\/frenchspin.com\/afr\/wp-json\/wp\/v2\/users\/5"}],"replies":[{"embeddable":true,"href":"http:\/\/frenchspin.com\/afr\/wp-json\/wp\/v2\/comments?post=1705"}],"version-history":[{"count":0,"href":"http:\/\/frenchspin.com\/afr\/wp-json\/wp\/v2\/pages\/1705\/revisions"}],"wp:attachment":[{"href":"http:\/\/frenchspin.com\/afr\/wp-json\/wp\/v2\/media?parent=1705"}],"curies":[{"name":"wp","href":"https:\/\/api.w.org\/{rel}","templated":true}]}}