{"id":1794,"date":"2010-01-31T20:37:16","date_gmt":"2010-01-31T19:37:16","guid":{"rendered":"http:\/\/frenchspin.com\/afr\/?page_id=1794"},"modified":"2010-03-05T18:35:46","modified_gmt":"2010-03-05T17:35:46","slug":"075-111-110-097-109-105","status":"publish","type":"page","link":"http:\/\/frenchspin.com\/afr\/075-111-110-097-109-105\/","title":{"rendered":"La caverne secr\u00e8te du Murloc Francophone"},"content":{"rendered":"<h3><strong><span style=\"color: #ff9900;\">Rawblgurblwurbrlg !<\/span><\/strong><\/h3>\n<h4 style=\"text-align: left;\"><span style=\"color: #ffcc99;\">Bienvenue dans la Chambre (secr\u00e8te) de Marcel le murloc francophone ! Vous \u00eates un des rares &#8212; enfin, tant que \u00e7a n&rsquo;est pas publi\u00e9 sur 225 forums &#8212; \u00e0 conna\u00eetre ce lieu que le code Konami garde pr\u00e9cieusement \ud83d\ude42<\/span><\/h4>\n<h4 style=\"text-align: left;\"><span style=\"color: #ffcc99;\"> <\/span><\/h4>\n<h4 style=\"text-align: left;\"><span style=\"color: #ffcc99;\">En regardant autour de vous, vous pouvez vous rendre compte que la Chambre de Marcel n&rsquo;est pas encore tr\u00e8s am\u00e9nag\u00e9e, mais il r\u00e9cup\u00e8re de temps \u00e0 autres quelques posters ou enregistrements qu&rsquo;Alexandre et Florent ne souhaitent pas publier sur le blog (de peur de se couvrir de honte tr\u00e8s certainement). Vous vous rendrez compte qu&rsquo;il n&rsquo;y a pas que du contenu exclusif, mais aussi quelques \u00ab\u00a0Best Of\u00a0\u00bb mont\u00e9s par Marcel lui-m\u00eame ! En r\u00e8gle g\u00e9n\u00e9rale, Marcel r\u00e9cup\u00e8re au moins une ou deux choses par mois qu&rsquo;il ajoute \u00e0 sa chambre, mais il n&rsquo;avertit personne ; \u00e0 vous donc de passer une fois de temps en temps !<\/span><\/h4>\n<h4 style=\"text-align: left;\"><span style=\"color: #ffcc99;\"> <\/span><\/h4>\n<h4 style=\"text-align: left;\"><span style=\"color: #ffcc99;\">Une seule r\u00e8gle pour que ce paradis des murlocs reste ouvert : n&rsquo;en parler qu&rsquo;\u00e0 voix basse ou sous forme de sous-entendus en public, le but \u00e9tant de laisser aux autres la joie de trouver le code par eux-m\u00eame \ud83d\ude09 Et puis si personne ne trouve le code, Marcel saura tr\u00e8s bien s&rsquo;accommoder du peu de visiteurs qu&rsquo;il aura.<\/span><\/h4>\n<h4 style=\"text-align: left;\"><span style=\"color: #ffcc99;\"> <\/span><\/h4>\n<h4 style=\"text-align: left;\"><span style=\"color: #ffcc99;\">Bonne visite, et ne mettez pas le bazar ! (et ne vous moquez pas trop !)<\/span><\/h4>\n<h3><img loading=\"lazy\" decoding=\"async\" class=\"aligncenter\" src=\"http:\/\/www.frenchspin.com\/afr\/blog\/wp-content\/themes\/azeroth\/images\/ligne.gif\" alt=\"\" width=\"524\" height=\"27\" \/><\/h3>\n<h4><span style=\"color: #ffcc99;\"> <\/span><\/h4>\n<p style=\"text-align: center;\"><span style=\"text-decoration: underline;\">Les Posters sur les murs<br \/>\n<\/span><\/p>\n<h3><span style=\"color: #ffcc99;\"> <\/span><\/h3>\n<p style=\"text-align: center\"><img loading=\"lazy\" decoding=\"async\" class=\"size-full wp-image-1704 aligncenter\" title=\"Le Twixalexandrius\" src=\"http:\/\/frenchspin.com\/afr\/blog\/wp-content\/uploads\/2010\/01\/alextwix.JPG\" alt=\"alextwix\" width=\"216\" height=\"160\" \/>Le <em>Twixalexandrius<\/em>. Esp\u00e8ce rare prot\u00e9g\u00e9e dans 27 \u00e9tats.<\/p>\n<p><a href=\"http:\/\/frenchspin.com\/afr\/blog\/wp-content\/uploads\/2010\/01\/Conference_serieuse.jpg\" target=\"_blank\"><img loading=\"lazy\" decoding=\"async\" class=\"size-full wp-image-1720 aligncenter\" title=\"Conf\u00e9rence s\u00e9rieuse\" src=\"http:\/\/frenchspin.com\/afr\/blog\/wp-content\/uploads\/2010\/01\/Conference_serieuse-300x73.jpg\" alt=\"Conference_serieuse\" width=\"300\" height=\"73\" srcset=\"http:\/\/frenchspin.com\/afr\/blog\/wp-content\/uploads\/2010\/01\/Conference_serieuse-300x73.jpg 300w, http:\/\/frenchspin.com\/afr\/blog\/wp-content\/uploads\/2010\/01\/Conference_serieuse.jpg 656w\" sizes=\"(max-width: 300px) 100vw, 300px\" \/><\/a>Une conf\u00e9rence plus que s\u00e9rieuse entre les animateurs d&rsquo;Azeroth.fr et Cirkle de WoWTaku.<\/p>\n<p style=\"text-align: center;\"><a href=\"http:\/\/frenchspin.com\/afr\/blog\/wp-content\/uploads\/2010\/01\/Alex_et_Nath-1024x768.jpg\" target=\"_blank\"><img loading=\"lazy\" decoding=\"async\" class=\"size-medium wp-image-1725 aligncenter\" title=\"Alex et Nath au FJV 2007\" src=\"http:\/\/frenchspin.com\/afr\/blog\/wp-content\/uploads\/2010\/01\/Alex_et_Nath-300x225.jpg\" alt=\"Alex_et_Nath\" width=\"300\" height=\"225\" srcset=\"http:\/\/frenchspin.com\/afr\/blog\/wp-content\/uploads\/2010\/01\/Alex_et_Nath-300x225.jpg 300w, http:\/\/frenchspin.com\/afr\/blog\/wp-content\/uploads\/2010\/01\/Alex_et_Nath-1024x768.jpg 1024w\" sizes=\"(max-width: 300px) 100vw, 300px\" \/><\/a>Nath qui avait bien envie de se faire un steak d&rsquo;Alexandre au Festival du Jeu Vid\u00e9o 2007 (\u00e7a nous rajeunit pas&#8230;surtout la chemise).<\/p>\n<p style=\"text-align: center;\"><a href=\"http:\/\/frenchspin.com\/afr\/blog\/wp-content\/uploads\/2010\/01\/marc1-1024x768.jpg\" target=\"_blank\"><img loading=\"lazy\" decoding=\"async\" class=\"alignnone size-medium wp-image-1857\" title=\"A la douche !\" src=\"http:\/\/frenchspin.com\/afr\/blog\/wp-content\/uploads\/2010\/01\/marc1-300x225.jpg\" alt=\"A la douche !\" width=\"225\" height=\"169\" srcset=\"http:\/\/frenchspin.com\/afr\/blog\/wp-content\/uploads\/2010\/01\/marc1-300x225.jpg 300w, http:\/\/frenchspin.com\/afr\/blog\/wp-content\/uploads\/2010\/01\/marc1-1024x768.jpg 1024w\" sizes=\"(max-width: 225px) 100vw, 225px\" \/><\/a> <a href=\"http:\/\/frenchspin.com\/afr\/blog\/wp-content\/uploads\/2010\/01\/marc2-1024x768.jpg\" target=\"_blank\"><img loading=\"lazy\" decoding=\"async\" class=\"alignnone size-medium wp-image-1858\" title=\"AAAAAAAAAAAAAAAH !!!\" src=\"http:\/\/frenchspin.com\/afr\/blog\/wp-content\/uploads\/2010\/01\/marc2-300x225.jpg\" alt=\"AAAAAAAAAAAAAAAH !!!\" width=\"225\" height=\"168\" srcset=\"http:\/\/frenchspin.com\/afr\/blog\/wp-content\/uploads\/2010\/01\/marc2-300x225.jpg 300w, http:\/\/frenchspin.com\/afr\/blog\/wp-content\/uploads\/2010\/01\/marc2-1024x768.jpg 1024w\" sizes=\"(max-width: 225px) 100vw, 225px\" \/><\/a><br \/>\nToi aussi, torture ta peluche wyverne ! \ud83d\ude00 (puis file la \u00e0 Caro)<\/p>\n<p style=\"text-align: center;\"><img loading=\"lazy\" decoding=\"async\" src=\"http:\/\/www.frenchspin.com\/afr\/blog\/wp-content\/themes\/azeroth\/images\/ligne.gif\" alt=\"\" width=\"524\" height=\"27\" \/><\/p>\n<h3 style=\"text-align: center\"><span style=\"text-decoration: underline;\">La Collection de disques<\/span><\/h3>\n<p><span style=\"text-decoration: underline;\"><br \/>\n<\/span><\/p>\n<p>&#8211; Une l\u00e9g\u00e8re erreur de Florent qui a \u00e9t\u00e9 retir\u00e9e au montage de l&rsquo;\u00e9pisode 39 et qui a servi de \u00ab\u00a0Trailer\u00a0\u00bb \u00e0 cet \u00e9pisode sur la page Facebook d&rsquo;AFR :<br \/>\n[audio:http:\/\/www.archive.org\/download\/SpoilerAfr39\/PetitSpoilerAfr39.mp3|titles=Spoiler AFR 39|artists=AFR]<\/p>\n","protected":false},"excerpt":{"rendered":"<p>Rawblgurblwurbrlg ! Bienvenue dans la Chambre (secr\u00e8te) de Marcel le murloc francophone ! Vous \u00eates un des rares &#8212; enfin, tant que \u00e7a n&rsquo;est pas publi\u00e9 sur 225 forums &#8212; \u00e0 conna\u00eetre ce lieu que le code Konami garde pr\u00e9cieusement \ud83d\ude42 En regardant autour de vous, vous pouvez vous rendre compte que la Chambre de [&hellip;]<\/p>\n","protected":false},"author":5,"featured_media":0,"parent":0,"menu_order":0,"comment_status":"open","ping_status":"open","template":"","meta":{"footnotes":""},"aioseo_notices":[],"_links":{"self":[{"href":"http:\/\/frenchspin.com\/afr\/wp-json\/wp\/v2\/pages\/1794"}],"collection":[{"href":"http:\/\/frenchspin.com\/afr\/wp-json\/wp\/v2\/pages"}],"about":[{"href":"http:\/\/frenchspin.com\/afr\/wp-json\/wp\/v2\/types\/page"}],"author":[{"embeddable":true,"href":"http:\/\/frenchspin.com\/afr\/wp-json\/wp\/v2\/users\/5"}],"replies":[{"embeddable":true,"href":"http:\/\/frenchspin.com\/afr\/wp-json\/wp\/v2\/comments?post=1794"}],"version-history":[{"count":0,"href":"http:\/\/frenchspin.com\/afr\/wp-json\/wp\/v2\/pages\/1794\/revisions"}],"wp:attachment":[{"href":"http:\/\/frenchspin.com\/afr\/wp-json\/wp\/v2\/media?parent=1794"}],"curies":[{"name":"wp","href":"https:\/\/api.w.org\/{rel}","templated":true}]}}