{"id":204,"date":"2008-09-22T18:10:03","date_gmt":"2008-09-22T16:10:03","guid":{"rendered":"http:\/\/www.azeroth.fr\/blog\/?page_id=204"},"modified":"2010-01-21T18:44:29","modified_gmt":"2010-01-21T17:44:29","slug":"musiques-du-fourre-tout","status":"publish","type":"page","link":"http:\/\/frenchspin.com\/afr\/grblrbll-faq-et-infos\/musiques-du-fourre-tout\/","title":{"rendered":"Musiques de fans"},"content":{"rendered":"<p style=\"font-size: 13px; text-align: left;\"><span style=\"color: #ffcc99;\">On nous pose sans cesse la question de savoir o\u00f9 on peut r\u00e9cup\u00e9rer les musiques de fans que nous utilisons dans l&rsquo;\u00e9mission, et bien rien de plus simple: la r\u00e9ponse est ici !<br \/>\nVoici la liste des morceaux originaux utilis\u00e9e dans l&rsquo;\u00e9mission, et les sites de leurs auteurs&#8230;<br \/>\nSi vous voyez que certaines musiques n&rsquo;ont pas \u00e9t\u00e9 ajout\u00e9es, n&rsquo;h\u00e9sitez pas \u00e0 nous contacter, nous essaierons de mettre la page \u00e0 jour le plus vite possible.<br \/>\n<\/span><\/p>\n<p style=\"text-align: center;\"><img loading=\"lazy\" decoding=\"async\" class=\"aligncenter size-full wp-image-161\" src=\"http:\/\/www.frenchspin.com\/afr\/blog\/wp-content\/themes\/azeroth\/images\/ligne.gif\" alt=\"\" width=\"524\" height=\"27\" \/><\/p>\n<p><a href=\"http:\/\/www.youtube.com\/watch?v=FdX8YwtLilw\">Five9<\/a> &#8211; <span class=\"Style1\">Crank Dat Druid Boy<\/span><br \/>\nUne parodie du c\u00e9l\u00e8bre morceau de <a href=\"http:\/\/www.souljaboytellem.com\/\">Soulja Boy<\/a>&#8230; tr\u00e8s dr\u00f4le si vous r\u00e9ussissez \u00e0 comprendre les parole !<\/p>\n<p>&gt; <a href=\"..\/..\/audio\/Crank dat druid boy - five9.mp3\">T\u00e9l\u00e9charger Crank Dat Druid Boy<br \/>\n<\/a><\/p>\n<p style=\"text-align: center;\"><img loading=\"lazy\" decoding=\"async\" class=\"aligncenter size-full wp-image-161\" src=\"http:\/\/www.frenchspin.com\/afr\/blog\/wp-content\/themes\/azeroth\/images\/ligne.gif\" alt=\"\" width=\"524\" height=\"27\" \/><\/p>\n<p><a href=\"http:\/\/theinstance.net\/\">Retlaw sur The Instance<\/a> &#8211; <span class=\"Style1\">We Need a Healer<\/span><br \/>\nCe morceau de Retlaw est apparu dans l&rsquo;\u00e9pisode 118 du podcast anglais \u00ab\u00a0The Instance\u00a0\u00bb, et il m&rsquo;a imm\u00e9diatement s\u00e9duit&#8230;<\/p>\n<p>&gt; <a href=\"..\/..\/audio\/weneedahealer.mp3\">T\u00e9l\u00e9charger Looking for a Tank<\/a><\/p>\n<p style=\"text-align: center;\"><img loading=\"lazy\" decoding=\"async\" class=\"aligncenter size-full wp-image-161\" src=\"http:\/\/www.frenchspin.com\/afr\/blog\/wp-content\/themes\/azeroth\/images\/ligne.gif\" alt=\"\" width=\"524\" height=\"27\" \/><\/p>\n<p><a href=\"http:\/\/musingsofanutjob.blogspot.com\/\">Musings of a Nutjob<\/a> &#8211; <span class=\"Style1\">Pugging Kara<\/span><br \/>\nDax a cr\u00e9\u00e9 plusieurs morceaux, le plus connu \u00e9tant Pugging Kara, un blues&#8230; tr\u00e8s entrainant.<\/p>\n<p>&gt; <a href=\"..\/..\/audio\/Dax_Puggin_Kara.mp3\">T\u00e9l\u00e9charger Pugging Kara<\/a><\/p>\n<p style=\"text-align: center;\"><img loading=\"lazy\" decoding=\"async\" class=\"aligncenter size-full wp-image-161\" src=\"http:\/\/www.frenchspin.com\/afr\/blog\/wp-content\/themes\/azeroth\/images\/ligne.gif\" alt=\"\" width=\"524\" height=\"27\" \/><\/p>\n<p><a href=\"http:\/\/www.myndflame.com\/\">Myndflame<\/a> &#8211; <span class=\"Style1\">Murlocs at Midnight et MC Raiders<\/span><br \/>\nCr\u00e9ateurs de \u00ab\u00a0Murlocs at Midnight, les jeunes gens de l&rsquo;\u00e9quipe de Myndflame ont \u00e9galement compos\u00e9 le titre MC Raiders, et r\u00e9alis\u00e9 les tr\u00e8s c\u00e9l\u00e8bres vid\u00e9os de Zinwrath.<\/p>\n<p>&gt; <a href=\"..\/..\/audio\/Zinwrath%20II%20-%20Murlocs%20at%20Midnight.mp3\">T\u00e9l\u00e9charger Murlocs at Midnight<\/a><br \/>\n&gt; \t\t<a href=\"..\/..\/audio\/MC%20Raiders%20Full.mp3\">T\u00e9lecharger MC Raiders<\/a><\/p>\n<p style=\"text-align: center;\"><img loading=\"lazy\" decoding=\"async\" class=\"aligncenter size-full wp-image-161\" src=\"http:\/\/www.frenchspin.com\/afr\/blog\/wp-content\/themes\/azeroth\/images\/ligne.gif\" alt=\"\" width=\"524\" height=\"27\" \/><\/p>\n<p><a href=\"http:\/\/cranius.spaces.live.com\/PersonalSpace.aspx?_c02_owner=1\">Cranius<\/a> &#8211; <span class=\"Style1\">Big Blue Dress<\/span><br \/>\nCranius est \u00e0 l&rsquo;origine du tr\u00e8s rock \u00ab\u00a0Big Blue Dress\u00a0\u00bb, qui est d&rsquo;ailleurs aussi un clip vid\u00e9o (film\u00e9 dans Wow bien s\u00fbr) qui illustre tr\u00e8s bien les frustrations de l&rsquo;auteur\u2026<\/p>\n<p>&gt; <a href=\"..\/..\/audio\/BigBlueDress.mp3\">T\u00e9lecharger Big Blue Dress<\/a><\/p>\n<p style=\"text-align: center;\"><img loading=\"lazy\" decoding=\"async\" class=\"aligncenter size-full wp-image-161\" src=\"http:\/\/www.frenchspin.com\/afr\/blog\/wp-content\/themes\/azeroth\/images\/ligne.gif\" alt=\"\" width=\"524\" height=\"27\" \/><\/p>\n<p><a href=\"http:\/\/www.myspace.com\/lyrakul\">Lyrakul<\/a> &#8211; <span class=\"Style1\">World of W<\/span><br \/>\nLyrakul c&rsquo;est un rappeur de l&rsquo;Indiana qui a mis son talent au service de la horde. Un orc qui danse sur World of W, ca fait tellement naturel qu&rsquo;on se demande si Lyrakul n&rsquo;est pas en fait un gros bonhomme vert !<\/p>\n<p>&gt; <a href=\"..\/..\/audio\/World%20of%20W.mp3\">T\u00e9lecharger World of W<\/a><\/p>\n<p style=\"text-align: center;\"><img loading=\"lazy\" decoding=\"async\" class=\"aligncenter size-full wp-image-161\" src=\"http:\/\/www.frenchspin.com\/afr\/blog\/wp-content\/themes\/azeroth\/images\/ligne.gif\" alt=\"\" width=\"524\" height=\"27\" \/><\/p>\n<p><a href=\"http:\/\/www.philasifer.com\/index.cfm\">Philasipher<\/a> &#8211; <span class=\"Style1\">BC promo<\/span><br \/>\nPhilasifer (Ron Johnson Jr de son vrai nom) est le rappeur Californien qui interprete ce morceau. L&rsquo;id\u00e9e? Mettre la sortie de Burning Crusade en musique&#8230; et ca marche !<\/p>\n<p>&gt; <a href=\"..\/..\/audio\/Philasipher%20-%20BC.mp3\">T\u00e9lecharger Philasipher &#8211; BC<\/a><\/p>\n<p style=\"text-align: center;\"><img loading=\"lazy\" decoding=\"async\" class=\"aligncenter size-full wp-image-161\" src=\"http:\/\/www.frenchspin.com\/afr\/blog\/wp-content\/themes\/azeroth\/images\/ligne.gif\" alt=\"\" width=\"524\" height=\"27\" \/><\/p>\n<p><a href=\"http:\/\/www.theinstance.net\/\">Dang Fraggit sur The Instance<\/a> &#8211; <span class=\"Style1\">Do They Know It&rsquo;s Winter&rsquo;s Veil ?<\/span><br \/>\nDang Fraggit est un auditeur du podcast anglais \u00ab\u00a0The Instance\u00a0\u00bb (auquel Patrick contribue r\u00e9guli\u00e8rement) qui a mis en chanson le Voile d&rsquo;Hiver en 2006.<br \/>\nIl s&rsquo;agit d&rsquo;une reprise de \u00ab\u00a0Do They Know it&rsquo;s Christmas\u00a0\u00bb du collectif humanitaire Band Aid de Bob Geldof (1984, ca nous rajeuni pas!)<\/p>\n<p>&gt; <a href=\"..\/..\/audio\/Dangfraggit%20-%20Do%20they%20know%20it%27s%20winter%27s%20veil.mp3\">T\u00e9lecharger Do They Know it&rsquo;s Winter&rsquo;s Veil ?<\/a><\/p>\n<p style=\"text-align: center;\"><img loading=\"lazy\" decoding=\"async\" class=\"aligncenter size-full wp-image-161\" src=\"http:\/\/www.frenchspin.com\/afr\/blog\/wp-content\/themes\/azeroth\/images\/ligne.gif\" alt=\"\" width=\"524\" height=\"27\" \/><\/p>\n<p><a href=\"http:\/\/www.purepwnage.com\/\">Pure Pwnage<\/a> &#8211; <span class=\"Style1\">World of Warcraft is a Feeling.<\/span><br \/>\nPure Pwnage est une web s\u00e9rie tr\u00e8s bien con\u00e7ue qui relate les aventures de Jeremy, un joueur un peu&#8230; particulier.<br \/>\n\u00ab\u00a0World of Warcraft is a Feeling\u00a0\u00bb est l&rsquo;une de leurs nombreuses productions musicales; il y en a bien d&rsquo;autres.<\/p>\n<p>&gt; <a href=\"..\/..\/audio\/Pure%20Pwnage%20-%20World%20of%20Warcraft%20is%20a%20Feeling.mp3\">T\u00e9lecharger World of Warcraft is a Feeling<\/a><\/p>\n<p style=\"text-align: center;\"><img loading=\"lazy\" decoding=\"async\" class=\"aligncenter size-full wp-image-161\" src=\"http:\/\/www.frenchspin.com\/afr\/blog\/wp-content\/themes\/azeroth\/images\/ligne.gif\" alt=\"\" width=\"524\" height=\"27\" \/><\/p>\n","protected":false},"excerpt":{"rendered":"<p>On nous pose sans cesse la question de savoir o\u00f9 on peut r\u00e9cup\u00e9rer les musiques de fans que nous utilisons dans l&rsquo;\u00e9mission, et bien rien de plus simple: la r\u00e9ponse est ici ! Voici la liste des morceaux originaux utilis\u00e9e dans l&rsquo;\u00e9mission, et les sites de leurs auteurs&#8230; Si vous voyez que certaines musiques n&rsquo;ont [&hellip;]<\/p>\n","protected":false},"author":1,"featured_media":0,"parent":145,"menu_order":2,"comment_status":"open","ping_status":"open","template":"","meta":{"footnotes":""},"aioseo_notices":[],"_links":{"self":[{"href":"http:\/\/frenchspin.com\/afr\/wp-json\/wp\/v2\/pages\/204"}],"collection":[{"href":"http:\/\/frenchspin.com\/afr\/wp-json\/wp\/v2\/pages"}],"about":[{"href":"http:\/\/frenchspin.com\/afr\/wp-json\/wp\/v2\/types\/page"}],"author":[{"embeddable":true,"href":"http:\/\/frenchspin.com\/afr\/wp-json\/wp\/v2\/users\/1"}],"replies":[{"embeddable":true,"href":"http:\/\/frenchspin.com\/afr\/wp-json\/wp\/v2\/comments?post=204"}],"version-history":[{"count":0,"href":"http:\/\/frenchspin.com\/afr\/wp-json\/wp\/v2\/pages\/204\/revisions"}],"up":[{"embeddable":true,"href":"http:\/\/frenchspin.com\/afr\/wp-json\/wp\/v2\/pages\/145"}],"wp:attachment":[{"href":"http:\/\/frenchspin.com\/afr\/wp-json\/wp\/v2\/media?parent=204"}],"curies":[{"name":"wp","href":"https:\/\/api.w.org\/{rel}","templated":true}]}}